i*r + 116 = 3*w. What is the units digit of w?
2
Let v(a) = -a**3 + 13*a**2 - 11*a - 11. Let w be v(12). Suppose 2*u = -u + 3*b + 291, -b + w = 0. What is the units digit of u?
8
Suppose 22*x - 506 = -0*x. Let r = x + 186. What is the units digit of r?
9
Suppose 2*w + 108 - 116 = 0, -3*l - 4*w + 17116 = 0. What is the tens digit of l?
0
Let x(h) = 81*h**2 + 98*h - 190. What is the tens digit of x(16)?
1
Let d(x) = x**2 - 5*x + 5. Let f = 9 - -1. Let k = 3 + f. What is the units digit of d(k)?
9
Let n(i) = 3*i**2. Let z(j) = -2*j**3 + 7*j**2 - 14*j - 1238. Let m(f) = 2*n(f) - z(f). What is the units digit of m(0)?
8
Suppose -1 = -y + 5*r - 6, -5*y - 5 = -5*r. Suppose 65*p = 5*q + 60*p - 1805, -q + 4*p = -352. Suppose -5*z + z + q = y. What is the tens digit of z?
9
Let g = -3656 - -3938. Let x = -201 + 125. Let i = g + x. What is the tens digit of i?
0
Let z(n) = n**3 - n**2 + 25*n - 11. Let g be z(10). Suppose -5*c = 3*h - g, 313 = 4*h + 2*c - 1229. What is the hundreds digit of h?
3
Let c(p) = p**2 + 1. Let j(d) = -d**2 + 12*d - 12. Let h(z) = 2*c(z) + j(z). Let s be h(-14). What is the units digit of s/3*148/6?
8
Suppose k = 2*k - a - 75, 20 = -4*a. Let w = 60 - k. What is the tens digit of (-3)/(-5) - 554/w?
5
What is the tens digit of (1 - -69)/10 + 14814?
2
What is the units digit of 46/(-253) - 157128/(-22)?
2
Let h = 26556 + 7580. What is the ten thousands digit of h?
3
Let o = -729 - -1931. Let k = -470 + o. What is the units digit of k?
2
Let i be (3*-4)/(11/(-44)). Let o be (0 - (-10)/(-6))*i/(-16). Suppose 590 = o*k - 385. What is the units digit of k?
5
Let g be (2/6)/((-3)/(-18)). Let i(r) = r - g*r + 2*r - 1 + 4 + 14*r**2. What is the tens digit of i(-2)?
5
Let l = -227 + 1430. Suppose 13 = 5*j - 2, l = 5*r + j. Suppose -11*i = -6*i - r. What is the units digit of i?
8
Suppose 0 = 4*t + 16, 2*g + 43*t - 2626 = 44*t. What is the hundreds digit of g?
3
Suppose -3*y = 114*y - 672451 - 715286. What is the tens digit of y?
6
Let v(w) = -4*w + w**2 - 2 + w**3 + 4*w**2 - 2 + w**2. Let r be v(-4). Suppose 0 = y - 3*c - 44 - r, 4*y + 2*c = 422. What is the tens digit of y?
0
Let d(g) = -52*g + 20*g**2 + 6 - 8*g**2 + 37*g**2 - 16 + g**2. What is the thousands digit of d(6)?
1
Suppose -301372 = 2*v - 22*v + 123368. What is the thousands digit of v?
1
Let t be 5*24/(-20) - -11. What is the tens digit of -2 - ((t - 279) + -4)?
7
Suppose 12 = -3*u, 3*a - 16*u + 19*u = -24. Let q(o) = 1 - 31*o - 1 - 14. What is the tens digit of q(a)?
1
Let s = 29385 + -14561. What is the units digit of s?
4
Suppose 4*p + f = 9*p - 6, 2*p - 20 = -4*f. What is the tens digit of (288/(-600))/(p/55)*-5?
6
Let q(r) be the first derivative of 2*r + 0*r**2 + 49/4*r**4 - 2/3*r**3 - 18. What is the tens digit of q(1)?
4
Let i = -20139 - -67566. What is the ten thousands digit of i?
4
What is the thousands digit of ((-275226)/7 - 0)*(-4)/12 - -2?
3
Let y = -4707 - -8101. What is the units digit of y?
4
Let t(c) be the second derivative of c**3/3 + 17*c**2 + 13*c. Let h be t(-16). Suppose -3*s + 164 = h*p - s, 5*p - 5*s - 450 = 0. What is the tens digit of p?
8
Let y = -1478 + 2071. Suppose -5*d = -v + 525, v - y = -d - 38. What is the units digit of v?
0
Let j(q) = 2*q - 1. Let h be j(3). Suppose 0 = -h*o, -o + 9 = -5*d - 6. Let g(z) = -2*z**3 + z**2 - z + 4. What is the tens digit of g(d)?
7
Suppose -3*q - 3451 = -y, y - 2632 = 2*q + 817. What is the units digit of y?
5
Let u(x) = -10*x**2 - 60*x - 70. Let r(o) = -4*o**2 - 20*o - 24. Let a(h) = -8*r(h) + 3*u(h). Let s be 2/(-4) + 25/2. What is the units digit of a(s)?
0
Let c(x) = x**3 - 2*x**2 - 5*x - 8. Let t be c(4). Suppose -p - 4*p + 630 = -t*u, 463 = 4*p + 5*u. What is the hundreds digit of p?
1
Let k = -340 - 822. Let f = k - -2192. What is the tens digit of f?
3
Suppose 4*t - 30611 = -4*r - 11047, 5*t = 4*r + 24455. What is the units digit of t?
1
Suppose -2*t + 103 = -s - 2*s, 0 = t - 2*s - 51. Let p = 410 - t. What is the units digit of p?
7
Suppose -5*y + 6*y = -3*c + 186, 4*c - 232 = 4*y. Suppose 12*v + 2*d - 10 = 13*v, -30 = 5*v - 5*d. What is the tens digit of 8/(-4) + -2*c*v?
4
Let u(s) = s**3 + 18*s**2 + 32*s - 4. Let v be u(-16). Let a(g) = -237*g - 18. What is the tens digit of a(v)?
3
Suppose -5*d - 273401 = 5*w + 234124, w - 304511 = 3*d. What is the tens digit of d/(-120) + 2 + (-4)/(-30)?
4
Suppose 0 = 80*l - 89*l + 406836. What is the tens digit of l?
0
Let m(t) = -6 + 3*t - 23 - 29*t**3 + 12*t - t**2 - t + 32*t**3. What is the tens digit of m(6)?
6
Let s = -76 + 79. Let n be 2/s*(-4116)/(-8). Suppose -23*c - n = -30*c. What is the tens digit of c?
4
Let f(i) = i**3 - 3*i**2 - 17*i + 10. Let a be (128/(-24) + 8)/(4/18). What is the tens digit of f(a)?
0
Suppose -3*u + h + 2*h - 240 = 0, 412 = -5*u - h. Let i = u + 86. Suppose 289 = 4*c + 3*j - 240, -2*c + i*j = -292. What is the tens digit of c?
3
Let y be (-25)/((1/(-6))/((-33)/18)). Let s = 523 + y. What is the hundreds digit of s?
2
Suppose 8*y + 440 = 3*y. Let s = y - -246. What is the units digit of s?
8
Let o = 108 + -111. Let j be (118/(-10) - -1)*5. What is the tens digit of ((-9)/(j/332))/((-2)/o)?
8
Suppose -5*h = 0, -7*d + 22 = -5*d - 3*h. Let g(n) = -n**3 + 15*n**2 - 13*n - 18. What is the units digit of g(d)?
3
Let c = -13985 + 26814. What is the thousands digit of c?
2
Suppose -4*r = 4*n - 8958 - 5910, -4*r - 7446 = -2*n. What is the units digit of n?
9
Suppose 0 = -0*l + 3*l. Suppose l = 4*o + 5*s - 3*s - 854, 0 = 2*o + 3*s - 421. Suppose -2*u + 215 = -u - 2*w, -u - 3*w = -o. What is the hundreds digit of u?
2
Suppose 0 = -7*g + 2*g + 4*r + 2462, -505 = -g + 5*r. Suppose 3*i - 74 = -65. Suppose 0*x + 3*x - 5*w - 328 = 0, 5*x - g = -i*w. What is the tens digit of x?
0
Suppose 4*b - 3*y = 4595, -4*b - 4*y = 213 - 4801. What is the hundreds digit of b?
1
Suppose 4*l - 492 = w, 2*l = -l + 6. Let h = w - -1009. What is the hundreds digit of h?
5
Let p = 24 + -21. Suppose -w + p*o = -4*w + 750, 1258 = 5*w + o. What is the tens digit of (w/(-15))/(2/(-10))?
8
Suppose 2*u + 3*x - 38481 = 0, -4*u = -2*x + 8382 - 85368. What is the hundreds digit of u?
2
Let q = 9825 + -7497. What is the units digit of q?
8
Let t(f) = -215*f + 9. Let g(s) = 214*s - 4. Let y(o) = -3*g(o) - 2*t(o). Suppose 1 = -4*h - 3. What is the units digit of y(h)?
6
Let j(n) = 5*n**2 + 108. Let o = -693 - -678. What is the units digit of j(o)?
3
Suppose -f = -5*n - 1098, 260*f = 256*f + 4*n + 4424. What is the units digit of f?
8
Let b(l) = -29*l + 11. Let s be b(19). What is the hundreds digit of (s/40)/(1/(-22))?
2
Let n(c) = -c**3 - 5*c**2 - 2*c - 12. Let u be n(-5). What is the units digit of u - -222 - (17 + -15)?
8
Let u = 36829 - -10374. What is the ten thousands digit of u?
4
Let k(m) = 0*m + 14 - 5 - 4*m + 12. Let h be k(0). Suppose h = 4*n - 23. What is the tens digit of n?
1
What is the hundreds digit of (-2765)/(3*10/(-30))?
7
Let v = 1315 + 2943. What is the units digit of v?
8
Let i(d) = 17*d**2 + 5*d - 8. Let l(r) = r**3 - 10*r**2 + 9*r + 2. Let w be l(9). Let v be i(w). Suppose -4*g + v = 3*g. What is the tens digit of g?
1
Let h = -140 - -146. Suppose 2238 = h*m - 336. What is the units digit of m?
9
Let m(u) be the second derivative of 8*u**3/3 + 49*u**2/2 + 5*u. What is the hundreds digit of m(24)?
4
Let l = 87 - -98. Suppose 16 = o - 5*o, -5*y = -5*o - l. Let b = y - 23. What is the tens digit of b?
1
Let m be 2/(40/(-12) + 4). Suppose 0 = -2*d - 4*b + 950, 0 = m*d - 2*b - 0*b - 1385. What is the hundreds digit of d?
4
Let q(a) = 4*a**2 + 9*a + 28. Let g = -506 - -518. What is the tens digit of q(g)?
1
Suppose d = 4*s - 0*d - 40, -d + 48 = 4*s. What is the hundreds digit of -3 - (-40 + -3)*s?
4
Suppose 4*t = 5*t + 29. Let z = 10 - t. Suppose h = 128 - z. What is the tens digit of h?
8
Let a be (((-3)/6)/(1/2))/(-1). Suppose -a = r, r + 600 = 3*w - 169. What is the tens digit of w?
5
Suppose -2*y = -5*o - 7570, -3*y + 12 + 3 = 0. Let a = -849 - o. What is the tens digit of a?
6
Let g(u) be the third derivative of u**5/20 + u**4/2 - 5*u**3/6 - 208*u**2. What is the hundreds digit of g(18)?
1
Let h = 35 + -30. Suppose -i + h*i = 1104. Let q = 388 - i. What is the hundreds digit of q?
1
Let k = -17529 + 20170. What is the hundreds digit of k?
6
Let y(